{"id":8337,"date":"2026-03-17T10:05:24","date_gmt":"2026-03-17T09:05:24","guid":{"rendered":"https:\/\/szerszamhazpecs.hu\/?post_type=product&#038;p=8337"},"modified":"2026-03-20T10:07:44","modified_gmt":"2026-03-20T09:07:44","slug":"festool-felsomaro-of-1400-ebq-plus","status":"publish","type":"product","link":"https:\/\/szerszamhazpecs.hu\/index.php\/product\/festool-felsomaro-of-1400-ebq-plus\/","title":{"rendered":"Festool Fels\u0151mar\u00f3 OF 1400 EBQ-Plus"},"content":{"rendered":"<h1 data-section-id=\"qakwg2\" data-start=\"78\" data-end=\"105\">Festool OF 1400 fels\u0151mar\u00f3<\/h1>\n<h2 data-section-id=\"dmrq5p\" data-start=\"107\" data-end=\"122\">Term\u00e9kle\u00edr\u00e1s<\/h2>\n<p data-start=\"124\" data-end=\"361\">A <strong data-start=\"126\" data-end=\"155\">Festool OF 1400 fels\u0151mar\u00f3<\/strong> az er\u0151 \u00e9s a k\u00e9nyelem t\u00f6k\u00e9letes egyens\u00faly\u00e1t k\u00edn\u00e1lja. Kateg\u00f3ri\u00e1j\u00e1ban kiemelked\u0151en k\u00f6nny\u0171 (mind\u00f6ssze 4,5 kg), mik\u00f6zben nagy teljes\u00edtm\u00e9ny\u00e9vel \u00e9s precizit\u00e1s\u00e1val szinte minden mar\u00e1si feladatra ide\u00e1lis v\u00e1laszt\u00e1s.<\/p>\n<p data-start=\"363\" data-end=\"713\">A <strong data-start=\"365\" data-end=\"387\">70 mm-es mar\u00f3l\u00f6ket<\/strong> k\u00fcl\u00f6n\u00f6sen el\u0151ny\u00f6s vasalatok beereszt\u00e9s\u00e9n\u00e9l \u00e9s sablonos munk\u00e1kn\u00e1l, m\u00edg az intelligens kialak\u00edt\u00e1s \u00e9s a finombe\u00e1ll\u00edt\u00e1s lehet\u0151v\u00e9 teszi a pontos \u00e9s k\u00e9nyelmes munkav\u00e9gz\u00e9st. Az \u00e1tgondolt funkci\u00f3k \u2013 mint a gyors mar\u00f3csere, a szersz\u00e1m n\u00e9lk\u00fcli m\u00e1sol\u00f3gy\u0171r\u0171-csere \u00e9s a hat\u00e9kony porelsz\u00edv\u00e1s \u2013 jelent\u0151sen felgyors\u00edtj\u00e1k a munkafolyamatokat.<\/p>\n<hr data-start=\"715\" data-end=\"718\" \/>\n<h1 data-section-id=\"hwrfli\" data-start=\"720\" data-end=\"736\">F\u0151bb jellemz\u0151k<\/h1>\n<h3 data-section-id=\"msty45\" data-start=\"738\" data-end=\"759\">Ide\u00e1lis egyens\u00faly<\/h3>\n<ul data-start=\"760\" data-end=\"827\">\n<li data-section-id=\"1ihjf41\" data-start=\"760\" data-end=\"793\">\n<p data-start=\"762\" data-end=\"793\">k\u00f6nny\u0171, <strong data-start=\"770\" data-end=\"791\">4,5 kg-os kivitel<\/strong><\/p>\n<\/li>\n<li data-section-id=\"9ugt7q\" data-start=\"794\" data-end=\"827\">\n<p data-start=\"796\" data-end=\"827\">nagy teljes\u00edtm\u00e9ny \u00e9s stabilit\u00e1s<\/p>\n<\/li>\n<\/ul>\n<h3 data-section-id=\"e1zr1t\" data-start=\"829\" data-end=\"851\">Prec\u00edz munkav\u00e9gz\u00e9s<\/h3>\n<ul data-start=\"852\" data-end=\"960\">\n<li data-section-id=\"1p05893\" data-start=\"852\" data-end=\"893\">\n<p data-start=\"854\" data-end=\"893\"><strong data-start=\"854\" data-end=\"891\">1\/10 mm pontoss\u00e1g\u00fa m\u00e9lys\u00e9g\u00e1ll\u00edt\u00e1s<\/strong><\/p>\n<\/li>\n<li data-section-id=\"1abmmun\" data-start=\"894\" data-end=\"926\">\n<p data-start=\"896\" data-end=\"926\">elcsavarod\u00e1smentes alaplemez<\/p>\n<\/li>\n<li data-section-id=\"yz9d92\" data-start=\"927\" data-end=\"960\">\n<p data-start=\"929\" data-end=\"960\">k\u00e9toldali vezet\u0151oszlop-r\u00f6gz\u00edt\u00e9s<\/p>\n<\/li>\n<\/ul>\n<h3 data-section-id=\"1q8yq7x\" data-start=\"962\" data-end=\"994\">Gyors \u00e9s k\u00e9nyelmes haszn\u00e1lat<\/h3>\n<ul data-start=\"995\" data-end=\"1100\">\n<li data-section-id=\"82zh3m\" data-start=\"995\" data-end=\"1036\">\n<p data-start=\"997\" data-end=\"1036\">racsnis rendszer\u0171 <strong data-start=\"1015\" data-end=\"1034\">gyors mar\u00f3csere<\/strong><\/p>\n<\/li>\n<li data-section-id=\"49tl1n\" data-start=\"1037\" data-end=\"1075\">\n<p data-start=\"1039\" data-end=\"1075\">szersz\u00e1m n\u00e9lk\u00fcli m\u00e1sol\u00f3gy\u0171r\u0171 csere<\/p>\n<\/li>\n<li data-section-id=\"14eltv5\" data-start=\"1076\" data-end=\"1100\">\n<p data-start=\"1078\" data-end=\"1100\">ergonomikus kialak\u00edt\u00e1s<\/p>\n<\/li>\n<\/ul>\n<h3 data-section-id=\"191666o\" data-start=\"1102\" data-end=\"1125\">Maxim\u00e1lis biztons\u00e1g<\/h3>\n<ul data-start=\"1126\" data-end=\"1218\">\n<li data-section-id=\"jpacgb\" data-start=\"1126\" data-end=\"1171\">\n<p data-start=\"1128\" data-end=\"1171\"><strong data-start=\"1128\" data-end=\"1144\">SSB gyorsf\u00e9k<\/strong> az azonnali le\u00e1ll\u00edt\u00e1shoz<\/p>\n<\/li>\n<li data-section-id=\"1o0hfzj\" data-start=\"1172\" data-end=\"1218\">\n<p data-start=\"1174\" data-end=\"1218\">MMC elektronika az optim\u00e1lis teljes\u00edtm\u00e9ny\u00e9rt<\/p>\n<\/li>\n<\/ul>\n<h3 data-section-id=\"1a4cqed\" data-start=\"1220\" data-end=\"1244\">Hat\u00e9kony porelsz\u00edv\u00e1s<\/h3>\n<ul data-start=\"1245\" data-end=\"1326\">\n<li data-section-id=\"17fz2xy\" data-start=\"1245\" data-end=\"1284\">\n<p data-start=\"1247\" data-end=\"1284\">ak\u00e1r <strong data-start=\"1252\" data-end=\"1282\">99%-os elsz\u00edv\u00e1s \u00e9lmar\u00e1sn\u00e1l<\/strong><\/p>\n<\/li>\n<li data-section-id=\"kvcx8x\" data-start=\"1285\" data-end=\"1326\">\n<p data-start=\"1287\" data-end=\"1326\">forg\u00e1csfog\u00f3 \u00e9s elsz\u00edv\u00f3bura kombin\u00e1ci\u00f3ja<\/p>\n<\/li>\n<\/ul>\n<hr data-start=\"1328\" data-end=\"1331\" \/>\n<h1 data-section-id=\"q57tq7\" data-start=\"1333\" data-end=\"1356\">Aj\u00e1nlott felhaszn\u00e1l\u00e1s<\/h1>\n<p data-start=\"1358\" data-end=\"1381\">A g\u00e9p kiv\u00e1l\u00f3 v\u00e1laszt\u00e1s:<\/p>\n<ul data-start=\"1383\" data-end=\"1621\">\n<li data-section-id=\"199s5be\" data-start=\"1383\" data-end=\"1425\">\n<p data-start=\"1385\" data-end=\"1425\">\u00e9lek lekerek\u00edt\u00e9s\u00e9hez \u00e9s profiloz\u00e1s\u00e1hoz<\/p>\n<\/li>\n<li data-section-id=\"evnwoq\" data-start=\"1426\" data-end=\"1455\">\n<p data-start=\"1428\" data-end=\"1455\">falcol\u00e1shoz \u00e9s n\u00fatol\u00e1shoz<\/p>\n<\/li>\n<li data-section-id=\"mnfz7u\" data-start=\"1456\" data-end=\"1498\">\n<p data-start=\"1458\" data-end=\"1498\">k\u00f6r\u00f6k \u00e9s kiv\u00e1g\u00e1sok mar\u00e1s\u00e1hoz sablonnal<\/p>\n<\/li>\n<li data-section-id=\"wxjl4f\" data-start=\"1499\" data-end=\"1523\">\n<p data-start=\"1501\" data-end=\"1523\">h\u00e1tfalak n\u00fatoz\u00e1s\u00e1hoz<\/p>\n<\/li>\n<li data-section-id=\"15nh2pc\" data-start=\"1524\" data-end=\"1556\">\n<p data-start=\"1526\" data-end=\"1556\">ajt\u00f3\u00e9lek hosszanti mar\u00e1s\u00e1hoz<\/p>\n<\/li>\n<li data-section-id=\"19r7ads\" data-start=\"1557\" data-end=\"1621\">\n<p data-start=\"1559\" data-end=\"1621\">k\u00fcl\u00f6nb\u00f6z\u0151 fa \u00e9s szerves anyagok megmunk\u00e1l\u00e1s\u00e1hoz (max. \u00d8 45 mm)<\/p>\n<\/li>\n<\/ul>\n<hr data-start=\"1623\" data-end=\"1626\" \/>\n<h1 data-section-id=\"1hbqnac\" data-start=\"1628\" data-end=\"1644\">M\u0171szaki adatok<\/h1>\n<div class=\"TyagGW_tableContainer\">\n<div class=\"group TyagGW_tableWrapper flex flex-col-reverse w-fit\" tabindex=\"-1\">\n<table class=\"w-fit min-w-(--thread-content-width)\" data-start=\"1646\" data-end=\"1950\">\n<thead data-start=\"1646\" data-end=\"1667\">\n<tr data-start=\"1646\" data-end=\"1667\">\n<th class=\"\" data-start=\"1646\" data-end=\"1658\" data-col-size=\"sm\">Param\u00e9ter<\/th>\n<th class=\"\" data-start=\"1658\" data-end=\"1667\" data-col-size=\"sm\">\u00c9rt\u00e9k<\/th>\n<\/tr>\n<\/thead>\n<tbody data-start=\"1678\" data-end=\"1950\">\n<tr data-start=\"1678\" data-end=\"1699\">\n<td data-start=\"1678\" data-end=\"1687\" data-col-size=\"sm\">Hajt\u00e1s<\/td>\n<td data-start=\"1687\" data-end=\"1699\" data-col-size=\"sm\">h\u00e1l\u00f3zati<\/td>\n<\/tr>\n<tr data-start=\"1700\" data-end=\"1725\">\n<td data-start=\"1700\" data-end=\"1715\" data-col-size=\"sm\">Teljes\u00edtm\u00e9ny<\/td>\n<td data-start=\"1715\" data-end=\"1725\" data-col-size=\"sm\">1400 W<\/td>\n<\/tr>\n<tr data-start=\"1726\" data-end=\"1766\">\n<td data-start=\"1726\" data-end=\"1741\" data-col-size=\"sm\">Fordulatsz\u00e1m<\/td>\n<td data-start=\"1741\" data-end=\"1766\" data-col-size=\"sm\">10 000 \u2013 22 500 min\u207b\u00b9<\/td>\n<\/tr>\n<tr data-start=\"1767\" data-end=\"1797\">\n<td data-start=\"1767\" data-end=\"1782\" data-col-size=\"sm\">Befog\u00f3patron<\/td>\n<td data-start=\"1782\" data-end=\"1797\" data-col-size=\"sm\">6 \u2013 12,7 mm<\/td>\n<\/tr>\n<tr data-start=\"1798\" data-end=\"1819\">\n<td data-start=\"1798\" data-end=\"1810\" data-col-size=\"sm\">Mar\u00f3l\u00f6ket<\/td>\n<td data-start=\"1810\" data-end=\"1819\" data-col-size=\"sm\">70 mm<\/td>\n<\/tr>\n<tr data-start=\"1820\" data-end=\"1843\">\n<td data-start=\"1820\" data-end=\"1835\" data-col-size=\"sm\">Finom\u00e1ll\u00edt\u00e1s<\/td>\n<td data-start=\"1835\" data-end=\"1843\" data-col-size=\"sm\">8 mm<\/td>\n<\/tr>\n<tr data-start=\"1844\" data-end=\"1868\">\n<td data-start=\"1844\" data-end=\"1859\" data-col-size=\"sm\">Asztalny\u00edl\u00e1s<\/td>\n<td data-start=\"1859\" data-end=\"1868\" data-col-size=\"sm\">63 mm<\/td>\n<\/tr>\n<tr data-start=\"1869\" data-end=\"1911\">\n<td data-start=\"1869\" data-end=\"1895\" data-col-size=\"sm\">Porelsz\u00edv\u00e1s csatlakoz\u00e1s<\/td>\n<td data-start=\"1895\" data-end=\"1911\" data-col-size=\"sm\">\u00d8 27 \/ 36 mm<\/td>\n<\/tr>\n<tr data-start=\"1912\" data-end=\"1932\">\n<td data-start=\"1912\" data-end=\"1925\" data-col-size=\"sm\">K\u00e1belhossz<\/td>\n<td data-start=\"1925\" data-end=\"1932\" data-col-size=\"sm\">4 m<\/td>\n<\/tr>\n<tr data-start=\"1933\" data-end=\"1950\">\n<td data-start=\"1933\" data-end=\"1940\" data-col-size=\"sm\">S\u00faly<\/td>\n<td data-start=\"1940\" data-end=\"1950\" data-col-size=\"sm\">4,7 kg<\/td>\n<\/tr>\n<\/tbody>\n<\/table>\n<\/div>\n<\/div>\n<hr data-start=\"1952\" data-end=\"1955\" \/>\n<h1 data-section-id=\"4553e8\" data-start=\"1957\" data-end=\"1983\">Zaj- \u00e9s vibr\u00e1ci\u00f3s adatok<\/h1>\n<div class=\"TyagGW_tableContainer\">\n<div class=\"group TyagGW_tableWrapper flex flex-col-reverse w-fit\" tabindex=\"-1\">\n<table class=\"w-fit min-w-(--thread-content-width)\" data-start=\"1985\" data-end=\"2174\">\n<thead data-start=\"1985\" data-end=\"2006\">\n<tr data-start=\"1985\" data-end=\"2006\">\n<th class=\"\" data-start=\"1985\" data-end=\"1997\" data-col-size=\"sm\">Param\u00e9ter<\/th>\n<th class=\"\" data-start=\"1997\" data-end=\"2006\" data-col-size=\"sm\">\u00c9rt\u00e9k<\/th>\n<\/tr>\n<\/thead>\n<tbody data-start=\"2017\" data-end=\"2174\">\n<tr data-start=\"2017\" data-end=\"2047\">\n<td data-start=\"2017\" data-end=\"2035\" data-col-size=\"sm\">Hangnyom\u00e1sszint<\/td>\n<td data-start=\"2035\" data-end=\"2047\" data-col-size=\"sm\">95 dB(A)<\/td>\n<\/tr>\n<tr data-start=\"2048\" data-end=\"2085\">\n<td data-start=\"2048\" data-end=\"2072\" data-col-size=\"sm\">Hangteljes\u00edtm\u00e9nyszint<\/td>\n<td data-start=\"2072\" data-end=\"2085\" data-col-size=\"sm\">106 dB(A)<\/td>\n<\/tr>\n<tr data-start=\"2086\" data-end=\"2107\">\n<td data-start=\"2086\" data-end=\"2095\" data-col-size=\"sm\">Rezg\u00e9s<\/td>\n<td data-start=\"2095\" data-end=\"2107\" data-col-size=\"sm\">3,5 m\/s\u00b2<\/td>\n<\/tr>\n<tr data-start=\"2108\" data-end=\"2144\">\n<td data-start=\"2108\" data-end=\"2132\" data-col-size=\"sm\">Rezg\u00e9s bizonytalans\u00e1g<\/td>\n<td data-start=\"2132\" data-end=\"2144\" data-col-size=\"sm\">2,0 m\/s\u00b2<\/td>\n<\/tr>\n<tr data-start=\"2145\" data-end=\"2174\">\n<td data-start=\"2145\" data-end=\"2166\" data-col-size=\"sm\">Zaj bizonytalans\u00e1g<\/td>\n<td data-start=\"2166\" data-end=\"2174\" data-col-size=\"sm\">3 dB<\/td>\n<\/tr>\n<\/tbody>\n<\/table>\n<\/div>\n<\/div>\n<hr data-start=\"2176\" data-end=\"2179\" \/>\n<h1 data-section-id=\"8a27up\" data-start=\"2181\" data-end=\"2200\">A csomag tartalma<\/h1>\n<ul data-start=\"2202\" data-end=\"2395\">\n<li data-section-id=\"18nksyg\" data-start=\"2202\" data-end=\"2217\">\n<p data-start=\"2204\" data-end=\"2217\">forg\u00e1csfog\u00f3<\/p>\n<\/li>\n<li data-section-id=\"fh3no\" data-start=\"2218\" data-end=\"2241\">\n<p data-start=\"2220\" data-end=\"2241\">befog\u00f3patron \u00d8 8 mm<\/p>\n<\/li>\n<li data-section-id=\"zninr3\" data-start=\"2242\" data-end=\"2266\">\n<p data-start=\"2244\" data-end=\"2266\">befog\u00f3patron \u00d8 12 mm<\/p>\n<\/li>\n<li data-section-id=\"1p343kc\" data-start=\"2267\" data-end=\"2300\">\n<p data-start=\"2269\" data-end=\"2300\">oldal\u00fctk\u00f6z\u0151 finombe\u00e1ll\u00edt\u00e1ssal<\/p>\n<\/li>\n<li data-section-id=\"1wlmspc\" data-start=\"2301\" data-end=\"2324\">\n<p data-start=\"2303\" data-end=\"2324\">m\u00e1sol\u00f3gy\u0171r\u0171 \u00d8 30 mm<\/p>\n<\/li>\n<li data-section-id=\"y43t9l\" data-start=\"2325\" data-end=\"2346\">\n<p data-start=\"2327\" data-end=\"2346\">fels\u0151 elsz\u00edv\u00f3bura<\/p>\n<\/li>\n<li data-section-id=\"83u92d\" data-start=\"2347\" data-end=\"2368\">\n<p data-start=\"2349\" data-end=\"2368\">vill\u00e1skulcs SW 24<\/p>\n<\/li>\n<li data-section-id=\"1m4zddw\" data-start=\"2369\" data-end=\"2395\">\n<p data-start=\"2371\" data-end=\"2395\"><strong data-start=\"2371\" data-end=\"2395\">SYS3 M 337 Systainer<\/strong><\/p>\n<\/li>\n<\/ul>\n","protected":false},"excerpt":{"rendered":"<p>Professzion\u00e1lis Festool szersz\u00e1m: fels\u0151mar\u00f3 of 1400.<\/p>\n","protected":false},"featured_media":8368,"comment_status":"open","ping_status":"closed","template":"","meta":{"site-sidebar-layout":"default","site-content-layout":"","ast-site-content-layout":"normal-width-container","site-content-style":"boxed","site-sidebar-style":"default","ast-global-header-display":"","ast-banner-title-visibility":"","ast-main-header-display":"","ast-hfb-above-header-display":"","ast-hfb-below-header-display":"","ast-hfb-mobile-header-display":"","site-post-title":"","ast-breadcrumbs-content":"","ast-featured-img":"","footer-sml-layout":"","ast-disable-related-posts":"","theme-transparent-header-meta":"default","adv-header-id-meta":"","stick-header-meta":"","header-above-stick-meta":"","header-main-stick-meta":"","header-below-stick-meta":"","astra-migrate-meta-layouts":"set","ast-page-background-enabled":"default","ast-page-background-meta":{"desktop":{"background-color":"var(--ast-global-color-5)","background-image":"","background-repeat":"repeat","background-position":"center center","background-size":"auto","background-attachment":"scroll","background-type":"","background-media":"","overlay-type":"","overlay-color":"","overlay-opacity":"","overlay-gradient":""},"tablet":{"background-color":"","background-image":"","background-repeat":"repeat","background-position":"center center","background-size":"auto","background-attachment":"scroll","background-type":"","background-media":"","overlay-type":"","overlay-color":"","overlay-opacity":"","overlay-gradient":""},"mobile":{"background-color":"","background-image":"","background-repeat":"repeat","background-position":"center center","background-size":"auto","background-attachment":"scroll","background-type":"","background-media":"","overlay-type":"","overlay-color":"","overlay-opacity":"","overlay-gradient":""}},"ast-content-background-meta":{"desktop":{"background-color":"var(--ast-global-color-4)","background-image":"","background-repeat":"repeat","background-position":"center center","background-size":"auto","background-attachment":"scroll","background-type":"","background-media":"","overlay-type":"","overlay-color":"","overlay-opacity":"","overlay-gradient":""},"tablet":{"background-color":"var(--ast-global-color-4)","background-image":"","background-repeat":"repeat","background-position":"center center","background-size":"auto","background-attachment":"scroll","background-type":"","background-media":"","overlay-type":"","overlay-color":"","overlay-opacity":"","overlay-gradient":""},"mobile":{"background-color":"var(--ast-global-color-4)","background-image":"","background-repeat":"repeat","background-position":"center center","background-size":"auto","background-attachment":"scroll","background-type":"","background-media":"","overlay-type":"","overlay-color":"","overlay-opacity":"","overlay-gradient":""}}},"product_brand":[156],"product_cat":[149,148],"product_tag":[],"class_list":{"0":"post-8337","1":"product","2":"type-product","3":"status-publish","4":"has-post-thumbnail","6":"product_brand-festool","7":"product_cat-festool","8":"product_cat-markaink","9":"desktop-align-left","10":"tablet-align-left","11":"mobile-align-left","13":"first","14":"instock","15":"shipping-taxable","16":"purchasable","17":"product-type-simple"},"jetpack_sharing_enabled":true,"_links":{"self":[{"href":"https:\/\/szerszamhazpecs.hu\/index.php\/wp-json\/wp\/v2\/product\/8337","targetHints":{"allow":["GET"]}}],"collection":[{"href":"https:\/\/szerszamhazpecs.hu\/index.php\/wp-json\/wp\/v2\/product"}],"about":[{"href":"https:\/\/szerszamhazpecs.hu\/index.php\/wp-json\/wp\/v2\/types\/product"}],"replies":[{"embeddable":true,"href":"https:\/\/szerszamhazpecs.hu\/index.php\/wp-json\/wp\/v2\/comments?post=8337"}],"wp:featuredmedia":[{"embeddable":true,"href":"https:\/\/szerszamhazpecs.hu\/index.php\/wp-json\/wp\/v2\/media\/8368"}],"wp:attachment":[{"href":"https:\/\/szerszamhazpecs.hu\/index.php\/wp-json\/wp\/v2\/media?parent=8337"}],"wp:term":[{"taxonomy":"product_brand","embeddable":true,"href":"https:\/\/szerszamhazpecs.hu\/index.php\/wp-json\/wp\/v2\/product_brand?post=8337"},{"taxonomy":"product_cat","embeddable":true,"href":"https:\/\/szerszamhazpecs.hu\/index.php\/wp-json\/wp\/v2\/product_cat?post=8337"},{"taxonomy":"product_tag","embeddable":true,"href":"https:\/\/szerszamhazpecs.hu\/index.php\/wp-json\/wp\/v2\/product_tag?post=8337"}],"curies":[{"name":"wp","href":"https:\/\/api.w.org\/{rel}","templated":true}]}}