{"id":8321,"date":"2026-03-17T09:21:29","date_gmt":"2026-03-17T08:21:29","guid":{"rendered":"https:\/\/szerszamhazpecs.hu\/?post_type=product&#038;p=8321"},"modified":"2026-03-20T11:03:46","modified_gmt":"2026-03-20T10:03:46","slug":"festool-rotex-125-feq-plus","status":"publish","type":"product","link":"https:\/\/szerszamhazpecs.hu\/index.php\/product\/festool-rotex-125-feq-plus\/","title":{"rendered":"Festool \u00c1tt\u00e9teles hajt\u00e1s\u00fa excentercsiszol\u00f3 RO 125 FEQ-Plus ROTEX"},"content":{"rendered":"<h1 data-section-id=\"k98lxj\" data-start=\"135\" data-end=\"174\">Festool ROTEX RO 125 excentercsiszol\u00f3<\/h1>\n<h2 data-section-id=\"dmrq5p\" data-start=\"176\" data-end=\"191\">Term\u00e9kle\u00edr\u00e1s<\/h2>\n<p data-start=\"193\" data-end=\"487\">A <strong data-start=\"195\" data-end=\"219\">Festool ROTEX RO 125<\/strong> egy kompakt, m\u00e9gis rendk\u00edv\u00fcl sokoldal\u00fa csiszol\u00f3g\u00e9p, amely egyetlen eszk\u00f6zben k\u00edn\u00e1l megold\u00e1st durvacsiszol\u00e1sra, finomcsiszol\u00e1sra \u00e9s pol\u00edroz\u00e1sra. Kialak\u00edt\u00e1s\u00e1nak k\u00f6sz\u00f6nhet\u0151en cs\u00f6kkenti a sz\u00fcks\u00e9ges szersz\u00e1mok sz\u00e1m\u00e1t, mik\u00f6zben sz\u00e9lesebb felhaszn\u00e1l\u00e1si lehet\u0151s\u00e9get biztos\u00edt.<\/p>\n<p data-start=\"489\" data-end=\"716\">A kombin\u00e1lt <strong data-start=\"501\" data-end=\"531\">ROTEX \u00e9s excenteres mozg\u00e1s<\/strong> gyors anyaglev\u00e1laszt\u00e1st \u00e9s kiv\u00e1l\u00f3 fel\u00fcletmin\u0151s\u00e9get eredm\u00e9nyez. Ergonomikus form\u00e1ja \u00e9s Softgrip markolata k\u00e9nyelmes, stabil haszn\u00e1latot tesz lehet\u0151v\u00e9 ak\u00e1r hosszabb munkav\u00e9gz\u00e9s sor\u00e1n is.<\/p>\n<p data-start=\"718\" data-end=\"838\">A Jetstream porelsz\u00edv\u00e1si rendszer hozz\u00e1j\u00e1rul a tiszt\u00e1bb munkak\u00f6rnyezethez, mik\u00f6zben n\u00f6veli a csiszol\u00f3anyag \u00e9lettartam\u00e1t.<\/p>\n<hr data-start=\"840\" data-end=\"843\" \/>\n<h1 data-section-id=\"hwrfli\" data-start=\"845\" data-end=\"861\">F\u0151bb jellemz\u0151k<\/h1>\n<h3 data-section-id=\"1vqxy5g\" data-start=\"863\" data-end=\"892\">3 az 1-ben funkcionalit\u00e1s<\/h3>\n<ul data-start=\"893\" data-end=\"981\">\n<li data-section-id=\"mdgkd\" data-start=\"893\" data-end=\"911\">\n<p data-start=\"895\" data-end=\"911\">durvacsiszol\u00e1s<\/p>\n<\/li>\n<li data-section-id=\"6vqsga\" data-start=\"912\" data-end=\"930\">\n<p data-start=\"914\" data-end=\"930\">finomcsiszol\u00e1s<\/p>\n<\/li>\n<li data-section-id=\"cg4v9f\" data-start=\"931\" data-end=\"944\">\n<p data-start=\"933\" data-end=\"944\">pol\u00edroz\u00e1s<\/p>\n<\/li>\n<li data-section-id=\"1gqsfeh\" data-start=\"945\" data-end=\"981\">\n<p data-start=\"947\" data-end=\"981\">egyetlen g\u00e9ppel t\u00f6bb munkafolyamat<\/p>\n<\/li>\n<\/ul>\n<h3 data-section-id=\"bd2299\" data-start=\"983\" data-end=\"1013\">Er\u0151teljes anyaglev\u00e1laszt\u00e1s<\/h3>\n<ul data-start=\"1014\" data-end=\"1112\">\n<li data-section-id=\"qc10e\" data-start=\"1014\" data-end=\"1039\">\n<p data-start=\"1016\" data-end=\"1039\">ROTEX mozg\u00e1smechanika<\/p>\n<\/li>\n<li data-section-id=\"m43qqm\" data-start=\"1040\" data-end=\"1112\">\n<p data-start=\"1042\" data-end=\"1112\">ak\u00e1r t\u00f6bbsz\u00f6r\u00f6s teljes\u00edtm\u00e9ny a hagyom\u00e1nyos excentercsiszol\u00f3khoz k\u00e9pest<\/p>\n<\/li>\n<\/ul>\n<h3 data-section-id=\"591xyc\" data-start=\"1114\" data-end=\"1139\">Kiv\u00e1l\u00f3 fel\u00fcletmin\u0151s\u00e9g<\/h3>\n<ul data-start=\"1140\" data-end=\"1197\">\n<li data-section-id=\"dryx2v\" data-start=\"1140\" data-end=\"1162\">\n<p data-start=\"1142\" data-end=\"1162\">excenteres m\u0171k\u00f6d\u00e9s<\/p>\n<\/li>\n<li data-section-id=\"1hoe2qo\" data-start=\"1163\" data-end=\"1197\">\n<p data-start=\"1165\" data-end=\"1197\">egyenletes, karcmentes fel\u00fcletek<\/p>\n<\/li>\n<\/ul>\n<h3 data-section-id=\"1a4cqed\" data-start=\"1199\" data-end=\"1223\">Hat\u00e9kony porelsz\u00edv\u00e1s<\/h3>\n<ul data-start=\"1224\" data-end=\"1313\">\n<li data-section-id=\"1yoz1cc\" data-start=\"1224\" data-end=\"1246\">\n<p data-start=\"1226\" data-end=\"1246\">Jetstream rendszer<\/p>\n<\/li>\n<li data-section-id=\"nsb8sw\" data-start=\"1247\" data-end=\"1277\">\n<p data-start=\"1249\" data-end=\"1277\">kevesebb por \u00e9s h\u0151termel\u00e9s<\/p>\n<\/li>\n<li data-section-id=\"15kqkj3\" data-start=\"1278\" data-end=\"1313\">\n<p data-start=\"1280\" data-end=\"1313\">hosszabb csiszol\u00f3anyag \u00e9lettartam<\/p>\n<\/li>\n<\/ul>\n<h3 data-section-id=\"1dwy4lp\" data-start=\"1315\" data-end=\"1345\">Gyors csiszol\u00f3t\u00e1ny\u00e9r csere<\/h3>\n<ul data-start=\"1346\" data-end=\"1393\">\n<li data-section-id=\"amkwv0\" data-start=\"1346\" data-end=\"1368\">\n<p data-start=\"1348\" data-end=\"1368\"><strong data-start=\"1348\" data-end=\"1368\">FastFix rendszer<\/strong><\/p>\n<\/li>\n<li data-section-id=\"wt2tc8\" data-start=\"1369\" data-end=\"1393\">\n<p data-start=\"1371\" data-end=\"1393\">szersz\u00e1m n\u00e9lk\u00fcli csere<\/p>\n<\/li>\n<\/ul>\n<h3 data-section-id=\"1b1gaow\" data-start=\"1395\" data-end=\"1427\">Kompakt \u00e9s k\u00f6nny\u0171 kialak\u00edt\u00e1s<\/h3>\n<ul data-start=\"1428\" data-end=\"1488\">\n<li data-section-id=\"n25ozi\" data-start=\"1428\" data-end=\"1441\">\n<p data-start=\"1430\" data-end=\"1441\">kis m\u00e9ret<\/p>\n<\/li>\n<li data-section-id=\"v86uc0\" data-start=\"1442\" data-end=\"1459\">\n<p data-start=\"1444\" data-end=\"1459\">alacsony s\u00faly<\/p>\n<\/li>\n<li data-section-id=\"l0ai6l\" data-start=\"1460\" data-end=\"1488\">\n<p data-start=\"1462\" data-end=\"1488\">kev\u00e9sb\u00e9 f\u00e1raszt\u00f3 haszn\u00e1lat<\/p>\n<\/li>\n<\/ul>\n<h3 data-section-id=\"3n6wcy\" data-start=\"1490\" data-end=\"1519\">Szeg\u00e9lyk\u00f6zeli munkav\u00e9gz\u00e9s<\/h3>\n<ul data-start=\"1520\" data-end=\"1582\">\n<li data-section-id=\"1bctfp1\" data-start=\"1520\" data-end=\"1544\">\n<p data-start=\"1522\" data-end=\"1544\"><strong data-start=\"1522\" data-end=\"1544\">Protector v\u00e9d\u0151elem<\/strong><\/p>\n<\/li>\n<li data-section-id=\"11xwvy2\" data-start=\"1545\" data-end=\"1582\">\n<p data-start=\"1547\" data-end=\"1582\">falak \u00e9s \u00e9lek ment\u00e9n is haszn\u00e1lhat\u00f3<\/p>\n<\/li>\n<\/ul>\n<h3 data-section-id=\"x8mztz\" data-start=\"1584\" data-end=\"1609\">Ergonomikus haszn\u00e1lat<\/h3>\n<ul data-start=\"1610\" data-end=\"1666\">\n<li data-section-id=\"351036\" data-start=\"1610\" data-end=\"1642\">\n<p data-start=\"1612\" data-end=\"1642\">optim\u00e1lis foganty\u00faelhelyez\u00e9s<\/p>\n<\/li>\n<li data-section-id=\"1t1dyme\" data-start=\"1643\" data-end=\"1666\">\n<p data-start=\"1645\" data-end=\"1666\">stabil ir\u00e1ny\u00edthat\u00f3s\u00e1g<\/p>\n<\/li>\n<\/ul>\n<hr data-start=\"1668\" data-end=\"1671\" \/>\n<h1 data-section-id=\"q57tq7\" data-start=\"1673\" data-end=\"1696\">Aj\u00e1nlott felhaszn\u00e1l\u00e1s<\/h1>\n<p data-start=\"1698\" data-end=\"1731\">A csiszol\u00f3g\u00e9p k\u00fcl\u00f6n\u00f6sen alkalmas:<\/p>\n<ul data-start=\"1733\" data-end=\"1989\">\n<li data-section-id=\"q9ojuk\" data-start=\"1733\" data-end=\"1771\">\n<p data-start=\"1735\" data-end=\"1771\">r\u00e9gi fest\u00e9k \u00e9s lakk elt\u00e1vol\u00edt\u00e1s\u00e1ra<\/p>\n<\/li>\n<li data-section-id=\"lqrb74\" data-start=\"1772\" data-end=\"1803\">\n<p data-start=\"1774\" data-end=\"1803\">fa fel\u00fcletek megmunk\u00e1l\u00e1s\u00e1ra<\/p>\n<\/li>\n<li data-section-id=\"1by46er\" data-start=\"1804\" data-end=\"1853\">\n<p data-start=\"1806\" data-end=\"1853\">fel\u00faj\u00edt\u00e1si munk\u00e1khoz (pl. l\u00e9pcs\u0151k csiszol\u00e1sa)<\/p>\n<\/li>\n<li data-section-id=\"15zc8fn\" data-start=\"1854\" data-end=\"1893\">\n<p data-start=\"1856\" data-end=\"1893\">glettanyag durva \u00e9s el\u0151csiszol\u00e1s\u00e1ra<\/p>\n<\/li>\n<li data-section-id=\"3yohhk\" data-start=\"1894\" data-end=\"1946\">\n<p data-start=\"1896\" data-end=\"1946\">pol\u00edroz\u00e1si feladatokra hologrammentes fel\u00fclettel<\/p>\n<\/li>\n<li data-section-id=\"1tyelrx\" data-start=\"1947\" data-end=\"1989\">\n<p data-start=\"1949\" data-end=\"1989\">f\u00fcgg\u0151leges fel\u00fcleteken v\u00e9gzett munk\u00e1khoz<\/p>\n<\/li>\n<\/ul>\n<hr data-start=\"1991\" data-end=\"1994\" \/>\n<h1 data-section-id=\"1hbqnac\" data-start=\"1996\" data-end=\"2012\">M\u0171szaki adatok<\/h1>\n<div class=\"TyagGW_tableContainer\">\n<div class=\"group TyagGW_tableWrapper flex flex-col-reverse w-fit\" tabindex=\"-1\">\n<table class=\"w-fit min-w-(--thread-content-width)\" data-start=\"2014\" data-end=\"2316\">\n<thead data-start=\"2014\" data-end=\"2035\">\n<tr data-start=\"2014\" data-end=\"2035\">\n<th class=\"\" data-start=\"2014\" data-end=\"2026\" data-col-size=\"sm\">Param\u00e9ter<\/th>\n<th class=\"\" data-start=\"2026\" data-end=\"2035\" data-col-size=\"sm\">\u00c9rt\u00e9k<\/th>\n<\/tr>\n<\/thead>\n<tbody data-start=\"2046\" data-end=\"2316\">\n<tr data-start=\"2046\" data-end=\"2067\">\n<td data-start=\"2046\" data-end=\"2055\" data-col-size=\"sm\">Hajt\u00e1s<\/td>\n<td data-start=\"2055\" data-end=\"2067\" data-col-size=\"sm\">h\u00e1l\u00f3zati<\/td>\n<\/tr>\n<tr data-start=\"2068\" data-end=\"2092\">\n<td data-start=\"2068\" data-end=\"2083\" data-col-size=\"sm\">Teljes\u00edtm\u00e9ny<\/td>\n<td data-start=\"2083\" data-end=\"2092\" data-col-size=\"sm\">500 W<\/td>\n<\/tr>\n<tr data-start=\"2093\" data-end=\"2135\">\n<td data-start=\"2093\" data-end=\"2116\" data-col-size=\"sm\">Fordulatsz\u00e1m (ROTEX)<\/td>\n<td data-start=\"2116\" data-end=\"2135\" data-col-size=\"sm\">300 \u2013 600 min\u207b\u00b9<\/td>\n<\/tr>\n<tr data-start=\"2136\" data-end=\"2183\">\n<td data-start=\"2136\" data-end=\"2162\" data-col-size=\"sm\">Fordulatsz\u00e1m (excenter)<\/td>\n<td data-start=\"2162\" data-end=\"2183\" data-col-size=\"sm\">3000 \u2013 6000 min\u207b\u00b9<\/td>\n<\/tr>\n<tr data-start=\"2184\" data-end=\"2210\">\n<td data-start=\"2184\" data-end=\"2200\" data-col-size=\"sm\">Csiszol\u00f3l\u00f6ket<\/td>\n<td data-start=\"2200\" data-end=\"2210\" data-col-size=\"sm\">3,6 mm<\/td>\n<\/tr>\n<tr data-start=\"2211\" data-end=\"2240\">\n<td data-start=\"2211\" data-end=\"2228\" data-col-size=\"sm\">Csiszol\u00f3t\u00e1ny\u00e9r<\/td>\n<td data-start=\"2228\" data-end=\"2240\" data-col-size=\"sm\">\u00d8 125 mm<\/td>\n<\/tr>\n<tr data-start=\"2241\" data-end=\"2277\">\n<td data-start=\"2241\" data-end=\"2266\" data-col-size=\"sm\">Porelsz\u00edv\u00f3 csatlakoz\u00e1s<\/td>\n<td data-start=\"2266\" data-end=\"2277\" data-col-size=\"sm\">\u00d8 27 mm<\/td>\n<\/tr>\n<tr data-start=\"2278\" data-end=\"2298\">\n<td data-start=\"2278\" data-end=\"2291\" data-col-size=\"sm\">K\u00e1belhossz<\/td>\n<td data-start=\"2291\" data-end=\"2298\" data-col-size=\"sm\">4 m<\/td>\n<\/tr>\n<tr data-start=\"2299\" data-end=\"2316\">\n<td data-start=\"2299\" data-end=\"2306\" data-col-size=\"sm\">S\u00faly<\/td>\n<td data-start=\"2306\" data-end=\"2316\" data-col-size=\"sm\">2,3 kg<\/td>\n<\/tr>\n<\/tbody>\n<\/table>\n<\/div>\n<\/div>\n<hr data-start=\"2318\" data-end=\"2321\" \/>\n<h1 data-section-id=\"4553e8\" data-start=\"2323\" data-end=\"2349\">Zaj- \u00e9s vibr\u00e1ci\u00f3s adatok<\/h1>\n<div class=\"TyagGW_tableContainer\">\n<div class=\"group TyagGW_tableWrapper flex flex-col-reverse w-fit\" tabindex=\"-1\">\n<table class=\"w-fit min-w-(--thread-content-width)\" data-start=\"2351\" data-end=\"2629\">\n<thead data-start=\"2351\" data-end=\"2372\">\n<tr data-start=\"2351\" data-end=\"2372\">\n<th class=\"\" data-start=\"2351\" data-end=\"2363\" data-col-size=\"sm\">Param\u00e9ter<\/th>\n<th class=\"\" data-start=\"2363\" data-end=\"2372\" data-col-size=\"sm\">\u00c9rt\u00e9k<\/th>\n<\/tr>\n<\/thead>\n<tbody data-start=\"2383\" data-end=\"2629\">\n<tr data-start=\"2383\" data-end=\"2413\">\n<td data-start=\"2383\" data-end=\"2401\" data-col-size=\"sm\">Hangnyom\u00e1sszint<\/td>\n<td data-start=\"2401\" data-end=\"2413\" data-col-size=\"sm\">79 dB(A)<\/td>\n<\/tr>\n<tr data-start=\"2414\" data-end=\"2450\">\n<td data-start=\"2414\" data-end=\"2438\" data-col-size=\"sm\">Hangteljes\u00edtm\u00e9nyszint<\/td>\n<td data-start=\"2438\" data-end=\"2450\" data-col-size=\"sm\">90 dB(A)<\/td>\n<\/tr>\n<tr data-start=\"2451\" data-end=\"2489\">\n<td data-start=\"2451\" data-end=\"2477\" data-col-size=\"sm\">Rezg\u00e9s (durvacsiszol\u00e1s)<\/td>\n<td data-start=\"2477\" data-end=\"2489\" data-col-size=\"sm\">3,4 m\/s\u00b2<\/td>\n<\/tr>\n<tr data-start=\"2490\" data-end=\"2528\">\n<td data-start=\"2490\" data-end=\"2516\" data-col-size=\"sm\">Rezg\u00e9s (finomcsiszol\u00e1s)<\/td>\n<td data-start=\"2516\" data-end=\"2528\" data-col-size=\"sm\">5,7 m\/s\u00b2<\/td>\n<\/tr>\n<tr data-start=\"2529\" data-end=\"2562\">\n<td data-start=\"2529\" data-end=\"2550\" data-col-size=\"sm\">Rezg\u00e9s (pol\u00edroz\u00e1s)<\/td>\n<td data-start=\"2550\" data-end=\"2562\" data-col-size=\"sm\">5,8 m\/s\u00b2<\/td>\n<\/tr>\n<tr data-start=\"2563\" data-end=\"2599\">\n<td data-start=\"2563\" data-end=\"2587\" data-col-size=\"sm\">Rezg\u00e9s bizonytalans\u00e1g<\/td>\n<td data-start=\"2587\" data-end=\"2599\" data-col-size=\"sm\">1,5 m\/s\u00b2<\/td>\n<\/tr>\n<tr data-start=\"2600\" data-end=\"2629\">\n<td data-start=\"2600\" data-end=\"2621\" data-col-size=\"sm\">Zaj bizonytalans\u00e1g<\/td>\n<td data-start=\"2621\" data-end=\"2629\" data-col-size=\"sm\">3 dB<\/td>\n<\/tr>\n<\/tbody>\n<\/table>\n<\/div>\n<\/div>\n<hr data-start=\"2631\" data-end=\"2634\" \/>\n<h1 data-section-id=\"8a27up\" data-start=\"2636\" data-end=\"2655\">A csomag tartalma<\/h1>\n<ul data-start=\"2657\" data-end=\"2786\">\n<li data-section-id=\"1e9lsw5\" data-start=\"2657\" data-end=\"2702\">\n<p data-start=\"2659\" data-end=\"2702\"><strong data-start=\"2659\" data-end=\"2700\">FastFix csiszol\u00f3t\u00e1ny\u00e9r \u00d8125 mm (puha)<\/strong><\/p>\n<\/li>\n<li data-section-id=\"1hf4245\" data-start=\"2703\" data-end=\"2725\">\n<p data-start=\"2705\" data-end=\"2725\">Protector v\u00e9d\u0151elem<\/p>\n<\/li>\n<li data-section-id=\"w7lsfi\" data-start=\"2726\" data-end=\"2747\">\n<p data-start=\"2728\" data-end=\"2747\">4 m Plug-it k\u00e1bel<\/p>\n<\/li>\n<li data-section-id=\"zq3bra\" data-start=\"2748\" data-end=\"2786\">\n<p data-start=\"2750\" data-end=\"2786\"><strong data-start=\"2750\" data-end=\"2786\">SYS3 M 187 Systainer t\u00e1rol\u00f3doboz<\/strong><\/p>\n<\/li>\n<\/ul>\n","protected":false},"excerpt":{"rendered":"<p>Professzion\u00e1lis Festool szersz\u00e1m: rotex 125 feq-plus.<\/p>\n","protected":false},"featured_media":8400,"comment_status":"open","ping_status":"closed","template":"","meta":{"site-sidebar-layout":"default","site-content-layout":"","ast-site-content-layout":"normal-width-container","site-content-style":"boxed","site-sidebar-style":"default","ast-global-header-display":"","ast-banner-title-visibility":"","ast-main-header-display":"","ast-hfb-above-header-display":"","ast-hfb-below-header-display":"","ast-hfb-mobile-header-display":"","site-post-title":"","ast-breadcrumbs-content":"","ast-featured-img":"","footer-sml-layout":"","ast-disable-related-posts":"","theme-transparent-header-meta":"default","adv-header-id-meta":"","stick-header-meta":"","header-above-stick-meta":"","header-main-stick-meta":"","header-below-stick-meta":"","astra-migrate-meta-layouts":"set","ast-page-background-enabled":"default","ast-page-background-meta":{"desktop":{"background-color":"var(--ast-global-color-5)","background-image":"","background-repeat":"repeat","background-position":"center center","background-size":"auto","background-attachment":"scroll","background-type":"","background-media":"","overlay-type":"","overlay-color":"","overlay-opacity":"","overlay-gradient":""},"tablet":{"background-color":"","background-image":"","background-repeat":"repeat","background-position":"center center","background-size":"auto","background-attachment":"scroll","background-type":"","background-media":"","overlay-type":"","overlay-color":"","overlay-opacity":"","overlay-gradient":""},"mobile":{"background-color":"","background-image":"","background-repeat":"repeat","background-position":"center center","background-size":"auto","background-attachment":"scroll","background-type":"","background-media":"","overlay-type":"","overlay-color":"","overlay-opacity":"","overlay-gradient":""}},"ast-content-background-meta":{"desktop":{"background-color":"var(--ast-global-color-4)","background-image":"","background-repeat":"repeat","background-position":"center center","background-size":"auto","background-attachment":"scroll","background-type":"","background-media":"","overlay-type":"","overlay-color":"","overlay-opacity":"","overlay-gradient":""},"tablet":{"background-color":"var(--ast-global-color-4)","background-image":"","background-repeat":"repeat","background-position":"center center","background-size":"auto","background-attachment":"scroll","background-type":"","background-media":"","overlay-type":"","overlay-color":"","overlay-opacity":"","overlay-gradient":""},"mobile":{"background-color":"var(--ast-global-color-4)","background-image":"","background-repeat":"repeat","background-position":"center center","background-size":"auto","background-attachment":"scroll","background-type":"","background-media":"","overlay-type":"","overlay-color":"","overlay-opacity":"","overlay-gradient":""}}},"product_brand":[156],"product_cat":[149,148],"product_tag":[],"class_list":{"0":"post-8321","1":"product","2":"type-product","3":"status-publish","4":"has-post-thumbnail","6":"product_brand-festool","7":"product_cat-festool","8":"product_cat-markaink","9":"desktop-align-left","10":"tablet-align-left","11":"mobile-align-left","13":"first","14":"instock","15":"shipping-taxable","16":"purchasable","17":"product-type-simple"},"jetpack_sharing_enabled":true,"_links":{"self":[{"href":"https:\/\/szerszamhazpecs.hu\/index.php\/wp-json\/wp\/v2\/product\/8321","targetHints":{"allow":["GET"]}}],"collection":[{"href":"https:\/\/szerszamhazpecs.hu\/index.php\/wp-json\/wp\/v2\/product"}],"about":[{"href":"https:\/\/szerszamhazpecs.hu\/index.php\/wp-json\/wp\/v2\/types\/product"}],"replies":[{"embeddable":true,"href":"https:\/\/szerszamhazpecs.hu\/index.php\/wp-json\/wp\/v2\/comments?post=8321"}],"wp:featuredmedia":[{"embeddable":true,"href":"https:\/\/szerszamhazpecs.hu\/index.php\/wp-json\/wp\/v2\/media\/8400"}],"wp:attachment":[{"href":"https:\/\/szerszamhazpecs.hu\/index.php\/wp-json\/wp\/v2\/media?parent=8321"}],"wp:term":[{"taxonomy":"product_brand","embeddable":true,"href":"https:\/\/szerszamhazpecs.hu\/index.php\/wp-json\/wp\/v2\/product_brand?post=8321"},{"taxonomy":"product_cat","embeddable":true,"href":"https:\/\/szerszamhazpecs.hu\/index.php\/wp-json\/wp\/v2\/product_cat?post=8321"},{"taxonomy":"product_tag","embeddable":true,"href":"https:\/\/szerszamhazpecs.hu\/index.php\/wp-json\/wp\/v2\/product_tag?post=8321"}],"curies":[{"name":"wp","href":"https:\/\/api.w.org\/{rel}","templated":true}]}}