{"id":8317,"date":"2026-03-17T09:11:06","date_gmt":"2026-03-17T08:11:06","guid":{"rendered":"https:\/\/szerszamhazpecs.hu\/?post_type=product&#038;p=8317"},"modified":"2026-03-17T09:12:54","modified_gmt":"2026-03-17T08:12:54","slug":"festool-merulofuresz-ts-60-kebq-plus-100y","status":"publish","type":"product","link":"https:\/\/szerszamhazpecs.hu\/index.php\/product\/festool-merulofuresz-ts-60-kebq-plus-100y\/","title":{"rendered":"Festool Mer\u00fcl\u0151f\u0171r\u00e9sz TS 60 KEBQ-Plus 100y"},"content":{"rendered":"<h1 data-section-id=\"1g76qm2\" data-start=\"120\" data-end=\"150\">Festool TS 60 K mer\u00fcl\u0151f\u0171r\u00e9sz<\/h1>\n<h2 data-section-id=\"dmrq5p\" data-start=\"152\" data-end=\"167\">Term\u00e9kle\u00edr\u00e1s<\/h2>\n<p data-start=\"169\" data-end=\"453\">A <strong data-start=\"171\" data-end=\"203\">Festool TS 60 K mer\u00fcl\u0151f\u0171r\u00e9sz<\/strong> a prec\u00edzi\u00f3s v\u00e1g\u00e1sok \u00faj gener\u00e1ci\u00f3j\u00e1t k\u00e9pviseli, ahol a teljes\u00edtm\u00e9ny, a biztons\u00e1g \u00e9s a sokoldal\u00fas\u00e1g t\u00f6k\u00e9letesen tal\u00e1lkozik. A be\u00e9p\u00edtett <strong data-start=\"338\" data-end=\"363\">KickbackStop rendszer<\/strong> azonnal reag\u00e1l a visszar\u00fag\u00e1s vesz\u00e9ly\u00e9re, \u00edgy jelent\u0151sen n\u00f6veli a munkav\u00e9gz\u00e9s biztons\u00e1g\u00e1t.<\/p>\n<p data-start=\"455\" data-end=\"682\">A kompakt m\u00e9ret ellen\u00e9re nagy v\u00e1g\u00e1sm\u00e9lys\u00e9get biztos\u00edt, mik\u00f6zben kompatibilis a Festool vezet\u0151s\u00edn rendszereivel, bele\u00e9rtve a keresztv\u00e1g\u00e1sokhoz haszn\u00e1lhat\u00f3 FSK s\u00edneket is. Ez\u00e1ltal gyorsan kialak\u00edthat\u00f3 egy prec\u00edz g\u00e9rv\u00e1g\u00f3 rendszer.<\/p>\n<p data-start=\"684\" data-end=\"893\">A sz\u00e9nkefe n\u00e9lk\u00fcli <strong data-start=\"703\" data-end=\"719\">EC-TEC motor<\/strong> er\u0151teljes \u00e9s egyenletes v\u00e1g\u00e1st biztos\u00edt, mik\u00f6zben cs\u00f6kkenti a felhaszn\u00e1l\u00f3ra hat\u00f3 terhel\u00e9st. A g\u00e9p kiv\u00e1l\u00f3 v\u00e1laszt\u00e1s mind prec\u00edz asztalos munk\u00e1khoz, mind \u00e9p\u00edt\u00e9si feladatokhoz.<\/p>\n<hr data-start=\"895\" data-end=\"898\" \/>\n<h1 data-section-id=\"hwrfli\" data-start=\"900\" data-end=\"916\">F\u0151bb jellemz\u0151k<\/h1>\n<h3 data-section-id=\"191666o\" data-start=\"918\" data-end=\"941\">Maxim\u00e1lis biztons\u00e1g<\/h3>\n<ul data-start=\"942\" data-end=\"1037\">\n<li data-section-id=\"hx8g5z\" data-start=\"942\" data-end=\"999\">\n<p data-start=\"944\" data-end=\"999\"><strong data-start=\"944\" data-end=\"969\">KickbackStop rendszer<\/strong> a visszar\u00fag\u00e1s cs\u00f6kkent\u00e9s\u00e9re<\/p>\n<\/li>\n<li data-section-id=\"1hm67k2\" data-start=\"1000\" data-end=\"1037\">\n<p data-start=\"1002\" data-end=\"1037\">nagyobb kontroll mer\u00fcl\u0151v\u00e1g\u00e1s k\u00f6zben<\/p>\n<\/li>\n<\/ul>\n<h3 data-section-id=\"fccird\" data-start=\"1039\" data-end=\"1060\">Nagy v\u00e1g\u00e1sm\u00e9lys\u00e9g<\/h3>\n<ul data-start=\"1061\" data-end=\"1137\">\n<li data-section-id=\"flfpff\" data-start=\"1061\" data-end=\"1092\">\n<p data-start=\"1063\" data-end=\"1092\">ak\u00e1r <strong data-start=\"1068\" data-end=\"1090\">62 mm v\u00e1g\u00e1sm\u00e9lys\u00e9g<\/strong><\/p>\n<\/li>\n<li data-section-id=\"1qodkv9\" data-start=\"1093\" data-end=\"1137\">\n<p data-start=\"1095\" data-end=\"1137\">kompakt m\u00e9ret mellett is nagy teljes\u00edtm\u00e9ny<\/p>\n<\/li>\n<\/ul>\n<h3 data-section-id=\"1s7uhmq\" data-start=\"1139\" data-end=\"1161\">Sokoldal\u00fa rendszer<\/h3>\n<ul data-start=\"1162\" data-end=\"1287\">\n<li data-section-id=\"92dk4t\" data-start=\"1162\" data-end=\"1201\">\n<p data-start=\"1164\" data-end=\"1201\">kompatibilis Festool vezet\u0151s\u00ednekkel<\/p>\n<\/li>\n<li data-section-id=\"8ar6nu\" data-start=\"1202\" data-end=\"1249\">\n<p data-start=\"1204\" data-end=\"1249\">haszn\u00e1lhat\u00f3 <strong data-start=\"1216\" data-end=\"1244\">FSK keresztv\u00e1g\u00f3 s\u00ednekkel<\/strong> is<\/p>\n<\/li>\n<li data-section-id=\"653j4a\" data-start=\"1250\" data-end=\"1287\">\n<p data-start=\"1252\" data-end=\"1287\">gyors \u00e1talak\u00edt\u00e1s g\u00e9rv\u00e1g\u00f3 rendszerre<\/p>\n<\/li>\n<\/ul>\n<h3 data-section-id=\"qahuoa\" data-start=\"1289\" data-end=\"1308\">Er\u0151teljes motor<\/h3>\n<ul data-start=\"1309\" data-end=\"1392\">\n<li data-section-id=\"z52o80\" data-start=\"1309\" data-end=\"1346\">\n<p data-start=\"1311\" data-end=\"1346\">sz\u00e9nkefe n\u00e9lk\u00fcli <strong data-start=\"1328\" data-end=\"1344\">EC-TEC motor<\/strong><\/p>\n<\/li>\n<li data-section-id=\"m179qk\" data-start=\"1347\" data-end=\"1392\">\n<p data-start=\"1349\" data-end=\"1392\">gyors \u00e9s tiszta v\u00e1g\u00e1s kisebb er\u0151kifejt\u00e9ssel<\/p>\n<\/li>\n<\/ul>\n<h3 data-section-id=\"1enpscn\" data-start=\"1394\" data-end=\"1416\">Prec\u00edz sz\u00f6g\u00e1ll\u00edt\u00e1s<\/h3>\n<ul data-start=\"1417\" data-end=\"1487\">\n<li data-section-id=\"1ncidrx\" data-start=\"1417\" data-end=\"1453\">\n<p data-start=\"1419\" data-end=\"1453\">g\u00e9rsz\u00f6g tartom\u00e1ny: <strong data-start=\"1438\" data-end=\"1451\">-1\u00b0 \u2013 47\u00b0<\/strong><\/p>\n<\/li>\n<li data-section-id=\"8byy6l\" data-start=\"1454\" data-end=\"1487\">\n<p data-start=\"1456\" data-end=\"1487\">pontos \u00e9s ism\u00e9telhet\u0151 be\u00e1ll\u00edt\u00e1s<\/p>\n<\/li>\n<\/ul>\n<h3 data-section-id=\"x7bdzg\" data-start=\"1489\" data-end=\"1513\">Gyors f\u0171r\u00e9szlapcsere<\/h3>\n<ul data-start=\"1514\" data-end=\"1562\">\n<li data-section-id=\"amkwv0\" data-start=\"1514\" data-end=\"1536\">\n<p data-start=\"1516\" data-end=\"1536\"><strong data-start=\"1516\" data-end=\"1536\">FastFix rendszer<\/strong><\/p>\n<\/li>\n<li data-section-id=\"s2vub8\" data-start=\"1537\" data-end=\"1562\">\n<p data-start=\"1539\" data-end=\"1562\">egyszer\u0171 \u00e9s gyors csere<\/p>\n<\/li>\n<\/ul>\n<h3 data-section-id=\"g3z387\" data-start=\"1564\" data-end=\"1588\">J\u00f3 r\u00e1l\u00e1t\u00e1s a v\u00e1g\u00e1sra<\/h3>\n<ul data-start=\"1589\" data-end=\"1650\">\n<li data-section-id=\"1n4r9iw\" data-start=\"1589\" data-end=\"1628\">\n<p data-start=\"1591\" data-end=\"1628\">\u00e1tl\u00e1tsz\u00f3, eltolhat\u00f3 betekint\u0151 ablak<\/p>\n<\/li>\n<li data-section-id=\"1cy4xrl\" data-start=\"1629\" data-end=\"1650\">\n<p data-start=\"1631\" data-end=\"1650\">pontos v\u00e1g\u00e1svezet\u00e9s<\/p>\n<\/li>\n<\/ul>\n<hr data-start=\"1652\" data-end=\"1655\" \/>\n<h1 data-section-id=\"q57tq7\" data-start=\"1657\" data-end=\"1680\">Aj\u00e1nlott felhaszn\u00e1l\u00e1s<\/h1>\n<p data-start=\"1682\" data-end=\"1707\">A g\u00e9p k\u00fcl\u00f6n\u00f6sen alkalmas:<\/p>\n<ul data-start=\"1709\" data-end=\"2020\">\n<li data-section-id=\"17qyqnc\" data-start=\"1709\" data-end=\"1760\">\n<p data-start=\"1711\" data-end=\"1760\">mer\u00fcl\u0151v\u00e1g\u00e1sok k\u00e9sz\u00edt\u00e9s\u00e9re <strong data-start=\"1737\" data-end=\"1758\">60 mm vastags\u00e1gig<\/strong><\/p>\n<\/li>\n<li data-section-id=\"hwuy5y\" data-start=\"1761\" data-end=\"1794\">\n<p data-start=\"1763\" data-end=\"1794\">ajt\u00f3k pontos m\u00e9retre v\u00e1g\u00e1s\u00e1ra<\/p>\n<\/li>\n<li data-section-id=\"1u3kuby\" data-start=\"1795\" data-end=\"1843\">\n<p data-start=\"1797\" data-end=\"1843\">kiv\u00e1g\u00e1sok k\u00e9sz\u00edt\u00e9s\u00e9re (pl. konyhapult, ajt\u00f3)<\/p>\n<\/li>\n<li data-section-id=\"lgcduf\" data-start=\"1844\" data-end=\"1899\">\n<p data-start=\"1846\" data-end=\"1899\">lemezanyagok szab\u00e1s\u00e1ra (forg\u00e1cslap, lamin\u00e1lt lapok)<\/p>\n<\/li>\n<li data-section-id=\"1fzo7om\" data-start=\"1900\" data-end=\"1932\">\n<p data-start=\"1902\" data-end=\"1932\">parketta fug\u00e1k kialak\u00edt\u00e1s\u00e1ra<\/p>\n<\/li>\n<li data-section-id=\"b57op8\" data-start=\"1933\" data-end=\"1977\">\n<p data-start=\"1935\" data-end=\"1977\">keresztv\u00e1g\u00e1sokra vezet\u0151s\u00edn haszn\u00e1lat\u00e1val<\/p>\n<\/li>\n<li data-section-id=\"1eatbd\" data-start=\"1978\" data-end=\"2020\">\n<p data-start=\"1980\" data-end=\"2020\">padl\u00f3panelek \u00e9s deszk\u00e1k m\u00e9retre v\u00e1g\u00e1s\u00e1ra<\/p>\n<\/li>\n<\/ul>\n<hr data-start=\"2022\" data-end=\"2025\" \/>\n<h1 data-section-id=\"1hbqnac\" data-start=\"2027\" data-end=\"2043\">M\u0171szaki adatok<\/h1>\n<div class=\"TyagGW_tableContainer\">\n<div class=\"group TyagGW_tableWrapper flex flex-col-reverse w-fit\" tabindex=\"-1\">\n<table class=\"w-fit min-w-(--thread-content-width)\" data-start=\"2045\" data-end=\"2364\">\n<thead data-start=\"2045\" data-end=\"2066\">\n<tr data-start=\"2045\" data-end=\"2066\">\n<th class=\"\" data-start=\"2045\" data-end=\"2057\" data-col-size=\"sm\">Param\u00e9ter<\/th>\n<th class=\"\" data-start=\"2057\" data-end=\"2066\" data-col-size=\"sm\">\u00c9rt\u00e9k<\/th>\n<\/tr>\n<\/thead>\n<tbody data-start=\"2077\" data-end=\"2364\">\n<tr data-start=\"2077\" data-end=\"2098\">\n<td data-start=\"2077\" data-end=\"2086\" data-col-size=\"sm\">Hajt\u00e1s<\/td>\n<td data-start=\"2086\" data-end=\"2098\" data-col-size=\"sm\">h\u00e1l\u00f3zati<\/td>\n<\/tr>\n<tr data-start=\"2099\" data-end=\"2124\">\n<td data-start=\"2099\" data-end=\"2114\" data-col-size=\"sm\">Teljes\u00edtm\u00e9ny<\/td>\n<td data-start=\"2114\" data-end=\"2124\" data-col-size=\"sm\">1500 W<\/td>\n<\/tr>\n<tr data-start=\"2125\" data-end=\"2161\">\n<td data-start=\"2125\" data-end=\"2140\" data-col-size=\"sm\">Fordulatsz\u00e1m<\/td>\n<td data-start=\"2140\" data-end=\"2161\" data-col-size=\"sm\">3000 \u2013 6800 min\u207b\u00b9<\/td>\n<\/tr>\n<tr data-start=\"2162\" data-end=\"2191\">\n<td data-start=\"2162\" data-end=\"2181\" data-col-size=\"sm\">F\u0171r\u00e9szlap \u00e1tm\u00e9r\u0151<\/td>\n<td data-start=\"2181\" data-end=\"2191\" data-col-size=\"sm\">168 mm<\/td>\n<\/tr>\n<tr data-start=\"2192\" data-end=\"2221\">\n<td data-start=\"2192\" data-end=\"2208\" data-col-size=\"sm\">Sz\u00f6gtartom\u00e1ny<\/td>\n<td data-start=\"2208\" data-end=\"2221\" data-col-size=\"sm\">-1\u00b0 \u2013 47\u00b0<\/td>\n<\/tr>\n<tr data-start=\"2222\" data-end=\"2250\">\n<td data-start=\"2222\" data-end=\"2237\" data-col-size=\"sm\">V\u00e1g\u00e1sm\u00e9lys\u00e9g<\/td>\n<td data-start=\"2237\" data-end=\"2250\" data-col-size=\"sm\">0 \u2013 62 mm<\/td>\n<\/tr>\n<tr data-start=\"2251\" data-end=\"2283\">\n<td data-start=\"2251\" data-end=\"2274\" data-col-size=\"sm\">V\u00e1g\u00e1sm\u00e9lys\u00e9g 45\u00b0-n\u00e1l<\/td>\n<td data-start=\"2274\" data-end=\"2283\" data-col-size=\"sm\">45 mm<\/td>\n<\/tr>\n<tr data-start=\"2284\" data-end=\"2325\">\n<td data-start=\"2284\" data-end=\"2309\" data-col-size=\"sm\">Porelsz\u00edv\u00f3 csatlakoz\u00e1s<\/td>\n<td data-start=\"2309\" data-end=\"2325\" data-col-size=\"sm\">\u00d8 27 \/ 36 mm<\/td>\n<\/tr>\n<tr data-start=\"2326\" data-end=\"2346\">\n<td data-start=\"2326\" data-end=\"2339\" data-col-size=\"sm\">K\u00e1belhossz<\/td>\n<td data-start=\"2339\" data-end=\"2346\" data-col-size=\"sm\">4 m<\/td>\n<\/tr>\n<tr data-start=\"2347\" data-end=\"2364\">\n<td data-start=\"2347\" data-end=\"2354\" data-col-size=\"sm\">S\u00faly<\/td>\n<td data-start=\"2354\" data-end=\"2364\" data-col-size=\"sm\">4,7 kg<\/td>\n<\/tr>\n<\/tbody>\n<\/table>\n<\/div>\n<\/div>\n<hr data-start=\"2366\" data-end=\"2369\" \/>\n<h1 data-section-id=\"4553e8\" data-start=\"2371\" data-end=\"2397\">Zaj- \u00e9s vibr\u00e1ci\u00f3s adatok<\/h1>\n<div class=\"TyagGW_tableContainer\">\n<div class=\"group TyagGW_tableWrapper flex flex-col-reverse w-fit\" tabindex=\"-1\">\n<table class=\"w-fit min-w-(--thread-content-width)\" data-start=\"2399\" data-end=\"2588\">\n<thead data-start=\"2399\" data-end=\"2420\">\n<tr data-start=\"2399\" data-end=\"2420\">\n<th class=\"\" data-start=\"2399\" data-end=\"2411\" data-col-size=\"sm\">Param\u00e9ter<\/th>\n<th class=\"\" data-start=\"2411\" data-end=\"2420\" data-col-size=\"sm\">\u00c9rt\u00e9k<\/th>\n<\/tr>\n<\/thead>\n<tbody data-start=\"2431\" data-end=\"2588\">\n<tr data-start=\"2431\" data-end=\"2461\">\n<td data-start=\"2431\" data-end=\"2449\" data-col-size=\"sm\">Hangnyom\u00e1sszint<\/td>\n<td data-start=\"2449\" data-end=\"2461\" data-col-size=\"sm\">90 dB(A)<\/td>\n<\/tr>\n<tr data-start=\"2462\" data-end=\"2499\">\n<td data-start=\"2462\" data-end=\"2486\" data-col-size=\"sm\">Hangteljes\u00edtm\u00e9nyszint<\/td>\n<td data-start=\"2486\" data-end=\"2499\" data-col-size=\"sm\">101 dB(A)<\/td>\n<\/tr>\n<tr data-start=\"2500\" data-end=\"2521\">\n<td data-start=\"2500\" data-end=\"2509\" data-col-size=\"sm\">Rezg\u00e9s<\/td>\n<td data-start=\"2509\" data-end=\"2521\" data-col-size=\"sm\">2,5 m\/s\u00b2<\/td>\n<\/tr>\n<tr data-start=\"2522\" data-end=\"2558\">\n<td data-start=\"2522\" data-end=\"2546\" data-col-size=\"sm\">Rezg\u00e9s bizonytalans\u00e1g<\/td>\n<td data-start=\"2546\" data-end=\"2558\" data-col-size=\"sm\">1,5 m\/s\u00b2<\/td>\n<\/tr>\n<tr data-start=\"2559\" data-end=\"2588\">\n<td data-start=\"2559\" data-end=\"2580\" data-col-size=\"sm\">Zaj bizonytalans\u00e1g<\/td>\n<td data-start=\"2580\" data-end=\"2588\" data-col-size=\"sm\">3 dB<\/td>\n<\/tr>\n<\/tbody>\n<\/table>\n<\/div>\n<\/div>\n<hr data-start=\"2590\" data-end=\"2593\" \/>\n<h1 data-section-id=\"8a27up\" data-start=\"2595\" data-end=\"2614\">A csomag tartalma<\/h1>\n<ul data-start=\"2616\" data-end=\"2773\">\n<li data-section-id=\"waiaxk\" data-start=\"2616\" data-end=\"2673\">\n<p data-start=\"2618\" data-end=\"2673\"><strong data-start=\"2618\" data-end=\"2658\">WOOD FINE CUT HW 168 \u00d7 1,8 \u00d7 20 WD42<\/strong> k\u00f6rf\u0171r\u00e9szlap<\/p>\n<\/li>\n<li data-section-id=\"1xj4hte\" data-start=\"2674\" data-end=\"2693\">\n<p data-start=\"2676\" data-end=\"2693\">betekint\u0151 ablak<\/p>\n<\/li>\n<li data-section-id=\"1lov5rq\" data-start=\"2694\" data-end=\"2714\">\n<p data-start=\"2696\" data-end=\"2714\">kipattogz\u00e1sg\u00e1tl\u00f3<\/p>\n<\/li>\n<li data-section-id=\"cgt7l\" data-start=\"2715\" data-end=\"2734\">\n<p data-start=\"2717\" data-end=\"2734\">SW5 imbuszkulcs<\/p>\n<\/li>\n<li data-section-id=\"ko73qn\" data-start=\"2735\" data-end=\"2773\">\n<p data-start=\"2737\" data-end=\"2773\"><strong data-start=\"2737\" data-end=\"2773\">SYS3 M 337 Systainer t\u00e1rol\u00f3doboz<\/strong><\/p>\n<\/li>\n<\/ul>\n","protected":false},"excerpt":{"rendered":"<p>Professzion\u00e1lis Festool szersz\u00e1m: mer\u00fcl\u0151f\u0171r\u00e9sz ts 60 kebQ-plus 100y.<\/p>\n","protected":false},"featured_media":8319,"comment_status":"open","ping_status":"closed","template":"","meta":{"site-sidebar-layout":"default","site-content-layout":"","ast-site-content-layout":"normal-width-container","site-content-style":"boxed","site-sidebar-style":"default","ast-global-header-display":"","ast-banner-title-visibility":"","ast-main-header-display":"","ast-hfb-above-header-display":"","ast-hfb-below-header-display":"","ast-hfb-mobile-header-display":"","site-post-title":"","ast-breadcrumbs-content":"","ast-featured-img":"","footer-sml-layout":"","ast-disable-related-posts":"","theme-transparent-header-meta":"default","adv-header-id-meta":"","stick-header-meta":"","header-above-stick-meta":"","header-main-stick-meta":"","header-below-stick-meta":"","astra-migrate-meta-layouts":"set","ast-page-background-enabled":"default","ast-page-background-meta":{"desktop":{"background-color":"var(--ast-global-color-5)","background-image":"","background-repeat":"repeat","background-position":"center center","background-size":"auto","background-attachment":"scroll","background-type":"","background-media":"","overlay-type":"","overlay-color":"","overlay-opacity":"","overlay-gradient":""},"tablet":{"background-color":"","background-image":"","background-repeat":"repeat","background-position":"center center","background-size":"auto","background-attachment":"scroll","background-type":"","background-media":"","overlay-type":"","overlay-color":"","overlay-opacity":"","overlay-gradient":""},"mobile":{"background-color":"","background-image":"","background-repeat":"repeat","background-position":"center center","background-size":"auto","background-attachment":"scroll","background-type":"","background-media":"","overlay-type":"","overlay-color":"","overlay-opacity":"","overlay-gradient":""}},"ast-content-background-meta":{"desktop":{"background-color":"var(--ast-global-color-4)","background-image":"","background-repeat":"repeat","background-position":"center center","background-size":"auto","background-attachment":"scroll","background-type":"","background-media":"","overlay-type":"","overlay-color":"","overlay-opacity":"","overlay-gradient":""},"tablet":{"background-color":"var(--ast-global-color-4)","background-image":"","background-repeat":"repeat","background-position":"center center","background-size":"auto","background-attachment":"scroll","background-type":"","background-media":"","overlay-type":"","overlay-color":"","overlay-opacity":"","overlay-gradient":""},"mobile":{"background-color":"var(--ast-global-color-4)","background-image":"","background-repeat":"repeat","background-position":"center center","background-size":"auto","background-attachment":"scroll","background-type":"","background-media":"","overlay-type":"","overlay-color":"","overlay-opacity":"","overlay-gradient":""}}},"product_brand":[156],"product_cat":[149,148],"product_tag":[],"class_list":{"0":"post-8317","1":"product","2":"type-product","3":"status-publish","4":"has-post-thumbnail","6":"product_brand-festool","7":"product_cat-festool","8":"product_cat-markaink","9":"desktop-align-left","10":"tablet-align-left","11":"mobile-align-left","13":"first","14":"instock","15":"shipping-taxable","16":"purchasable","17":"product-type-simple"},"jetpack_sharing_enabled":true,"_links":{"self":[{"href":"https:\/\/szerszamhazpecs.hu\/index.php\/wp-json\/wp\/v2\/product\/8317","targetHints":{"allow":["GET"]}}],"collection":[{"href":"https:\/\/szerszamhazpecs.hu\/index.php\/wp-json\/wp\/v2\/product"}],"about":[{"href":"https:\/\/szerszamhazpecs.hu\/index.php\/wp-json\/wp\/v2\/types\/product"}],"replies":[{"embeddable":true,"href":"https:\/\/szerszamhazpecs.hu\/index.php\/wp-json\/wp\/v2\/comments?post=8317"}],"wp:featuredmedia":[{"embeddable":true,"href":"https:\/\/szerszamhazpecs.hu\/index.php\/wp-json\/wp\/v2\/media\/8319"}],"wp:attachment":[{"href":"https:\/\/szerszamhazpecs.hu\/index.php\/wp-json\/wp\/v2\/media?parent=8317"}],"wp:term":[{"taxonomy":"product_brand","embeddable":true,"href":"https:\/\/szerszamhazpecs.hu\/index.php\/wp-json\/wp\/v2\/product_brand?post=8317"},{"taxonomy":"product_cat","embeddable":true,"href":"https:\/\/szerszamhazpecs.hu\/index.php\/wp-json\/wp\/v2\/product_cat?post=8317"},{"taxonomy":"product_tag","embeddable":true,"href":"https:\/\/szerszamhazpecs.hu\/index.php\/wp-json\/wp\/v2\/product_tag?post=8317"}],"curies":[{"name":"wp","href":"https:\/\/api.w.org\/{rel}","templated":true}]}}